 b = -3 - -5. Suppose 5 + 3 = b*i. Is g(i) composite?
False
Suppose -283107 = -32*w - w. Is w composite?
True
Suppose 5*b = -2*m + 23, 3*b = 2*b - 5*m. Suppose -k - 4437 = -5*f, -2*k - 7160 = -b*f - 2721. Is f composite?
False
Let i(g) be the third derivative of g**4/4 - 7*g**3/6 - 4*g**2. Let s be i(2). Suppose -3*j - 4*t + 452 = -69, 0 = -j + s*t + 142. Is j prime?
True
Let j be (6/4)/((-39)/(-520)). Is 674 + ((-54)/(-15) - 12/j) composite?
False
Suppose 3*s - r = 8*s - 17280, 0 = 4*s - 3*r - 13805. Is s prime?
False
Let w = 54117 + -24028. Is w prime?
True
Suppose 0 = 5*g - 5*u - 380, -u + 298 = 4*g + u. Let s be 36/90*(0 + 340). Let l = s + g. Is l a composite number?
False
Is (-6017140)/(-260) - 4/(-26) a prime number?
True
Suppose 3*m + 33 = 5*b, 4*m - 8 = -2*b - 0*m. Suppose -2*t - 5*i = -2142, 0 = 3*t - 2*i + b*i - 3199. Is t a composite number?
False
Suppose -v + 2 = z + 3, -10 = 2*z. Let g = 167 - v. Is g composite?
False
Let w(k) = k**3 + 2*k**2 - k. Suppose n = -2*n + 5*v - 65, 0 = -n - v - 19. Let b be n/15*3/2. Is w(b) a prime number?
True
Let o be 3 + 96/(-40) - (-30112)/5. Suppose -c + 5*z + 6003 = 3*c, 4*c = z + o. Is c prime?
False
Suppose 18*o = 16*o + 2. Is o/((-1517)/(-379) - 4) prime?
True
Let n(b) = -100*b - 359. Is n(-22) a composite number?
True
Suppose 5*w + 17 = q + 92, 3*q = 15. Suppose w = -4*h + 8*h. Suppose h*b - 153 = 5*t, t - 3*t = 2. Is b prime?
True
Let k(q) = -q - 100. Let o be k(0). Let r = -33 - o. Is r a prime number?
True
Is -9 + 18 + -8 - -82280 a composite number?
True
Suppose -85*u + 6850595 = 1424960. Is u a prime number?
False
Let n(s) = -s**3 + 9*s**2 + 12*s - 15. Let b be n(10). Suppose b*g = 3*i - i - 2082, 0 = -i + 5*g + 1051. Is i composite?
False
Let z be -3 + 7 - 2 - -1180. Let a = 2095 - z. Is a prime?
False
Is (-5)/20*(4 + -85424) a composite number?
True
Suppose -3*p - 2*g + 56605 = 0, -3*p + p + 37740 = -2*g. Is p prime?
True
Suppose 89*v = 293754 + 328979. Is v composite?
False
Suppose -1 = -y + 5*j, 5*y - 4*j - 5 = -j. Is (y/4)/((-5)/(-7460)) prime?
True
Suppose -3*o + 9 = 0, -5*r + 4*o = o - 1646. Is r a composite number?
False
Let k(f) = -f**2 - 8*f - 8. Let i(x) = -2*x**2 - 16*x - 17. Let s(m) = 2*i(m) - 5*k(m). Is s(7) composite?
True
Let u = -198033 + 302276. Is u a composite number?
False
Let r(z) = -z. Let k(l) = -l + 3. Let f be k(2). Let d(t) = t + 377. Let s(g) = f*d(g) + 2*r(g). Is s(0) a prime number?
False
Suppose t = -4*u + 32576, -4*t - 32556 = -50*u + 46*u. Is u a composite number?
True
Suppose 3*l + 84879 = 4*r - 20268, 0 = -3*r + 4*l + 78869. Is r composite?
True
Let p = -4582 + 6487. Is (-4)/6 + p/9 a prime number?
True
Suppose 0 = -2*r - 809 + 2847. Let q = 937 + r. Suppose -3 = -3*b + q. Is b a composite number?
False
Let t(u) = 4*u - 1. Let q be t(1). Suppose 4*w = q*m + 1354, 857 = 3*w - 4*m - 162. Is w prime?
True
Let w(m) = m**3 + m**2 + m. Let g(x) = -5*x**3 - x**2 - 13*x - 3. Let u(o) = g(o) + 6*w(o). Let t be u(-6). Suppose -a - t*a = -40. Is a a composite number?
True
Let p(f) = 9*f**2 + 6*f + 5. Let y = 28 + -34. Is p(y) prime?
True
Let y be (-4)/(-5)*5/(-2). Let o = y + 2. Suppose o = -3*q - i + 110, -q - 5*i = 24 - 84. Is q a prime number?
False
Let s(m) = -3310*m - 69. Is s(-12) a composite number?
True
Suppose 471 = -2*i - j + 2967, 0 = 2*j - 8. Suppose -w - i = -4*w - 5*z, -397 = -w + 2*z. Is w a prime number?
False
Let y = -19 + -24. Let h = -80 - y. Is (h/3)/((-1)/3) a composite number?
False
Is (-268332)/(-22) - (-10)/110 a prime number?
True
Let j(g) = 4*g - 14. Let d be j(4). Is 4/16 - 2947*d/(-8) composite?
True
Let b be (-8)/(-12) + (-30)/(-9). Suppose -b*t = -2*j + j - 3363, -4*j + 3368 = 4*t. Is t composite?
True
Suppose -2*b + 0*n + 42 = -4*n, -4*b - 2*n + 34 = 0. Let p(q) be the first derivative of 10*q**3/3 - 5*q**2 - 3*q - 1. Is p(b) composite?
False
Let v(u) = -u - 1. Let d be v(-3). Suppose 3*j - 4*i = 2175 + 1474, d*j - i = 2436. Is j composite?
True
Is (5 + -6)*907/((-4)/4) a composite number?
False
Let w(i) = 23*i**2 + 17*i - 25. Let v(t) = 23*t**2 + 18*t - 25. Let y(z) = 3*v(z) - 2*w(z). Is y(12) prime?
True
Let q(k) = -5*k**2 + 269*k + 54. Let h be q(54). Let i(c) be the second derivative of c**3/6 + 337*c**2/2 - c. Is i(h) a composite number?
False
Suppose -3110 = -2*k + 1036. Is k a prime number?
False
Let f = -539 - -3804. Is f a prime number?
False
Is (0 - -1)*-19103*(-71 - -70) composite?
True
Suppose n + 3*n - 34 = -3*r, 4 = 2*r. Suppose 20 = n*x + 6. Suppose 0*z = x*z - 1634. Is z prime?
False
Suppose 3*a = -5*n - 40, 5*n - 5*a = 2*n + 10. Let x = n + -4. Is x/(-27) - (-56)/3 prime?
True
Suppose -10 = 2*k - 30. Is 4024/20 + (-2)/k prime?
False
Let n = 3 - 0. Suppose h = -5, 0 = -2*g - 4*h + n*h + 4989. Suppose 0 = m - 5*i - 489, -3*m + i = -8*m + g. Is m prime?
True
Let v(a) = -a - 6. Let m be v(-8). Suppose 3121 = -m*k - 4223. Is (k/4)/(-3) - -3 composite?
True
Suppose -8091 - 9291 = -6*r. Is r prime?
True
Let x(u) = 816*u - 31. Is x(5) a prime number?
True
Suppose -2*y + 3210 = y. Let x(a) = -a**2 - 6*a + 5. Let g be x(-6). Suppose g*f = -4*r + y, 2*f + 1071 + 250 = 5*r. Is r composite?
True
Let m(f) = -f - 1. Let h be m(0). Let k be ((-16)/(-40))/((-1)/5). Is (-3 - k)*h - -126 a prime number?
True
Let b(d) = -d**2 + 8*d + 4. Let n be b(8). Suppose 4*a + 1865 = 5*m, 652 + 846 = n*m - 2*a. Is m a composite number?
True
Suppose -84*w = -53*w - 164083. Is w composite?
True
Let o(f) = f**3 + 3*f**2 - 11*f - 3. Let m be o(-5). Suppose 5*w - m*y + 5 = 2*y, -5*w + 35 = 4*y. Is (-93)/w*-1 + 4 composite?
True
Is -2*6515/10*-1 a prime number?
True
Let k = 10290 - 1549. Is k a composite number?
False
Let u = 48 - 45. Let x be 2/(-7) - 30/(-7). Suppose 1766 = u*v + v + 2*g, -x*g = 5*v - 2203. Is v composite?
False
Let o(q) = -q**3 + 7*q**2 + 3*q - 6. Let j be o(7). Is 16/(-6) + 2 - (-325)/j a prime number?
False
Let j(b) = 7*b**2 + 3 - 28*b - 1 + 29*b. Let a be j(9). Let v = a - 391. Is v a composite number?
True
Suppose 3*z = 3*l + 66, 4*z = -2*l - 46 + 8. Is l/14*((-2396)/6 + 0) a prime number?
True
Let s be -4 + 4 + (1 - 304). Let m = s + 520. Is m a prime number?
False
Suppose -36 = 5*s + 29. Let q = 16 + s. Suppose -q*a + 0*a + 141 = 0. Is a a prime number?
True
Is (-3 - 2 - (-22952)/(-16))*-2 prime?
True
Let r be 1/(((-15)/(-21))/(-5)). Let m = 14 + r. Suppose 102 = m*f - 4*f. Is f prime?
False
Suppose c = 6*c + 31190. Is 3/(-2)*c/3 composite?
False
Suppose 0*x + 18 = 3*x - 2*b, -7 = -4*x - 3*b. Suppose x*a - 36070 = -6*a. Is a prime?
True
Let y = -70 + 70. Suppose y = -c + 1287 + 931. Is c prime?
False
Let v = 3358 + -551. Is v a composite number?
True
Let u = -2463 + 3754. Let p = 2212 - u. Suppose -21*l = -24*l + p. Is l composite?
False
Is (2635318/(-147))/((-6)/9) a prime number?
True
Is (21189/28)/((-6)/(-8)) a prime number?
True
Suppose 2*l - 210604 = -6*k, 2*k + 10*l - 70193 = 11*l. Is k a prime number?
True
Suppose 2*j + b = 4*b + 8434, 0 = 3*j - b - 12665. Suppose -j = -2*y + 1935. Is y a composite number?
False
Let a(g) = -68*g + 299. Is a(-10) a prime number?
False
Let l = -95 - -83. Is (2352/9 + 1)/((-4)/l) a composite number?
False
Suppose 9*n - 429965 - 965620 = 0. Is n a prime number?
False
Let p = 1990 + -986. Suppose -4*h - 5*m + 0*m + 2 = 0, -3*m - 3 = h. Suppose h*w + w - p = 0. Is w prime?
True
Let s = 25 - 21. Suppose -4*w - 2*j + s = 40, -3*w = -3*j + 18. Let v(k) = -3*k**3 - 5*k**2 + 3*k - 1. Is v(w) a composite number?
True
Let r = -14 + 10. Let b(m) be the second derivative of -5*m**3/6 + 3*m**2/2 - 12*m. Is b(r) prime?
True
Suppose -4*t + 48 = 8. Is 1820/t - (0 - 3) prime?
False
Suppose -5*c = 25, 2*z + z = -2*c + 272. Let r be (-6)/27 + 245/9. Let l = z - r. Is l a composite number?
False
Let s be 1/5 + 6/5*2969. Suppose 5*q + 958 = s. Is q composite?
False
Let q(y) be the first derivative of 6 - y + 11/3*y**3 + 0*y**2. Is q(-2) a composite number?
False
Suppose -4*w - 16*k = -14*k - 94938, 0 = -3*k - 15. Is w composite?
True
Let c = 17 + -15. Let q(k) = 4*k. Let o be q(c). Suppose -13*z + 4045 = -o*z. Is z composite?
False
Let f = 474 + -52. Let y be (-7)/((-7)/f) - -4. Suppose 0 = 2*x + 44 - y. Is x a prime number?
True
Suppose 3*z - 105 = 828. Suppose 2*l - y = 642, -2*y + 0*y = l - z. Is l a p